{"id":2327,"date":"2024-06-09T14:02:56","date_gmt":"2024-06-09T12:02:56","guid":{"rendered":"https:\/\/www.stolpersteine.lautre.net\/wp\/?page_id=2327"},"modified":"2024-06-09T18:12:15","modified_gmt":"2024-06-09T16:12:15","slug":"joachim-warmund","status":"publish","type":"page","link":"https:\/\/www.stolpersteine.lautre.net\/wp\/joachim-warmund\/","title":{"rendered":"Joachim WARMUND"},"content":{"rendered":"\n<p class=\"has-text-align-right\"><strong>Nom :<\/strong>&nbsp;WARMUND<\/p>\n\n\n\n<p class=\"has-text-align-right\"><strong>Pr\u00e9nom(s) :&nbsp;<\/strong>&nbsp;Joachim<\/p>\n\n\n\n<p class=\"has-text-align-right\"><strong>Date de naissance\u202f:<\/strong>&nbsp;4 avril 1923<\/p>\n\n\n\n<p class=\"has-text-align-right\"><strong>Commune et (d\u00e9partement de naissance)\u202f:<\/strong>&nbsp;?&nbsp;&nbsp;<\/p>\n\n\n\n<p class=\"has-text-align-right\"><strong>Parents\u202f:<\/strong>&nbsp;?&nbsp;<\/p>\n\n\n\n<p class=\"has-text-align-right\"><strong>Situation familiale\u202f:&nbsp;<\/strong>C\u00e9libataire&nbsp;<\/p>\n\n\n\n<p class=\"has-text-align-right\"><strong>Enfants\u202f:\u202f<\/strong>&nbsp;0&nbsp;<\/p>\n\n\n\n<p class=\"has-text-align-right\"><strong>Profession\u202f:&nbsp;<\/strong>\/&nbsp;<\/p>\n\n\n\n<ul><li><strong>DOMICILE&nbsp;<\/strong><\/li><\/ul>\n\n\n\n<p class=\"has-text-align-right\"><strong>Adresse (avant la guerre)\u202f:<\/strong>&nbsp;?&nbsp;<\/p>\n\n\n\n<p class=\"has-text-align-right\"><strong>Adresse (pendant la guerre)\u202f:&nbsp;<\/strong>Fondation protestante Sonnenhof&nbsp;\u00e0 Bischwiller (Bas-Rhin)<\/p>\n\n\n\n<ul><li><strong>D\u00c9PORTATION&nbsp;<\/strong><\/li><\/ul>\n\n\n\n<p class=\"has-text-align-right\"><strong>Convoi n\u00b0\u202f:<\/strong>&nbsp;\/&nbsp;&nbsp;<\/p>\n\n\n\n<p class=\"has-text-align-right\"><strong>Autre (\u00e0 pr\u00e9ciser)\u202f:<\/strong>&nbsp;\/&nbsp;<\/p>\n\n\n\n<p class=\"has-text-align-right\"><strong>Date et lieu de d\u00e9c\u00e8s\u202f:<\/strong>&nbsp;Arr\u00eat\u00e9 le 8 avril 1943 \u00e0 la fondation Sonnenhof et assassin\u00e9<\/p>\n\n\n\n<p>\u2014\u2014\u2014\u2014\u2014\u2014\u2014\u2014\u2014\u2014\u2014\u2014\u2014\u2014\u2014\u2014\u2014\u2014\u2014\u2014\u2014\u2014\u2014\u2014\u2014\u2014\u2014\u2014\u2014\u2014\u2014\u2014\u2014\u2014\u2014\u2014\u2013<\/p>\n\n\n\n<p class=\"has-text-align-center\"><strong>COURTE BIOGRAPHIE<\/strong><\/p>\n\n\n\n<p>N\u00e9 le 4 avril 1923 \u00e0 Cologne en Allemagne, Joachim a surv\u00e9cu \u00e0 la guerre et est d\u00e9c\u00e9d\u00e9 le 15 f\u00e9vrier 1998 \u00e0 Pessac, pr\u00e8s de Bordeaux, dans un h\u00f4pital psychiatrique. Joachim \u00e9tait juif de nationalit\u00e9 allemande. L\u2019un de ses oncles, un nazi allemand, \u00e9tait l&rsquo;un de ceux qui avaient contribu\u00e9 au d\u00e9veloppement de la th\u00e9orie raciale de l&rsquo;antis\u00e9mitisme. Cet homme, qui s&rsquo;\u00e9tait forg\u00e9 une g\u00e9n\u00e9alogie bien aryenne, avait certainement grand int\u00e9r\u00eat \u00e0 voir son neveu handicap\u00e9 juif dispara\u00eetre ailleurs que dans les camps allemands o\u00f9 une \u00ab comptabilit\u00e9 \u00bb tr\u00e8s pointilleuse a \u00e9t\u00e9 tenue sur les origines et ascendants des d\u00e9port\u00e9s.<\/p>\n","protected":false},"excerpt":{"rendered":"<p>Nom :&nbsp;WARMUND Pr\u00e9nom(s) :&nbsp;&nbsp;Joachim Date de naissance\u202f:&nbsp;4 avril 1923 Commune et (d\u00e9partement de naissance)\u202f:&nbsp;?&nbsp;&nbsp; Parents\u202f:&nbsp;?&nbsp; Situation familiale\u202f:&nbsp;C\u00e9libataire&nbsp; Enfants\u202f:\u202f&nbsp;0&nbsp; Profession\u202f:&nbsp;\/&nbsp; DOMICILE&nbsp; Adresse (avant la guerre)\u202f:&nbsp;?&nbsp; Adresse (pendant la guerre)\u202f:&nbsp;Fondation protestante Sonnenhof&nbsp;\u00e0 Bischwiller (Bas-Rhin) D\u00c9PORTATION&nbsp; Convoi n\u00b0\u202f:&nbsp;\/&nbsp;&nbsp; Autre (\u00e0 pr\u00e9ciser)\u202f:&nbsp;\/&nbsp; Date et lieu de d\u00e9c\u00e8s\u202f:&nbsp;Arr\u00eat\u00e9 le 8 avril 1943 \u00e0 la fondation Sonnenhof et assassin\u00e9 \u2014\u2014\u2014\u2014\u2014\u2014\u2014\u2014\u2014\u2014\u2014\u2014\u2014\u2014\u2014\u2014\u2014\u2014\u2014\u2014\u2014\u2014\u2014\u2014\u2014\u2014\u2014\u2014\u2014\u2014\u2014\u2014\u2014\u2014\u2014\u2014\u2013 COURTE &hellip; <\/p>\n<p class=\"link-more\"><a href=\"https:\/\/www.stolpersteine.lautre.net\/wp\/joachim-warmund\/\" class=\"more-link\">Continuer la lecture<span class=\"screen-reader-text\"> de &laquo;&nbsp;Joachim WARMUND&nbsp;&raquo;<\/span><\/a><\/p>\n","protected":false},"author":5,"featured_media":0,"parent":0,"menu_order":0,"comment_status":"closed","ping_status":"closed","template":"","meta":[],"_links":{"self":[{"href":"https:\/\/www.stolpersteine.lautre.net\/wp\/wp-json\/wp\/v2\/pages\/2327"}],"collection":[{"href":"https:\/\/www.stolpersteine.lautre.net\/wp\/wp-json\/wp\/v2\/pages"}],"about":[{"href":"https:\/\/www.stolpersteine.lautre.net\/wp\/wp-json\/wp\/v2\/types\/page"}],"author":[{"embeddable":true,"href":"https:\/\/www.stolpersteine.lautre.net\/wp\/wp-json\/wp\/v2\/users\/5"}],"replies":[{"embeddable":true,"href":"https:\/\/www.stolpersteine.lautre.net\/wp\/wp-json\/wp\/v2\/comments?post=2327"}],"version-history":[{"count":4,"href":"https:\/\/www.stolpersteine.lautre.net\/wp\/wp-json\/wp\/v2\/pages\/2327\/revisions"}],"predecessor-version":[{"id":2336,"href":"https:\/\/www.stolpersteine.lautre.net\/wp\/wp-json\/wp\/v2\/pages\/2327\/revisions\/2336"}],"wp:attachment":[{"href":"https:\/\/www.stolpersteine.lautre.net\/wp\/wp-json\/wp\/v2\/media?parent=2327"}],"curies":[{"name":"wp","href":"https:\/\/api.w.org\/{rel}","templated":true}]}}

<p class="has-text-align-right"><strong>Nom :</strong>&nbsp;WARMUND</p>



<p class="has-text-align-right"><strong>Prénom(s) :&nbsp;</strong>&nbsp;Joachim</p>



<p class="has-text-align-right"><strong>Date de naissance :</strong>&nbsp;4 avril 1923</p>



<p class="has-text-align-right"><strong>Commune et (département de naissance) :</strong>&nbsp;?&nbsp;&nbsp;</p>



<p class="has-text-align-right"><strong>Parents :</strong>&nbsp;?&nbsp;</p>



<p class="has-text-align-right"><strong>Situation familiale :&nbsp;</strong>Célibataire&nbsp;</p>



<p class="has-text-align-right"><strong>Enfants : </strong>&nbsp;0&nbsp;</p>



<p class="has-text-align-right"><strong>Profession :&nbsp;</strong>/&nbsp;</p>



<ul><li><strong>DOMICILE&nbsp;</strong></li></ul>



<p class="has-text-align-right"><strong>Adresse (avant la guerre) :</strong>&nbsp;?&nbsp;</p>



<p class="has-text-align-right"><strong>Adresse (pendant la guerre) :&nbsp;</strong>Fondation protestante Sonnenhof&nbsp;à Bischwiller (Bas-Rhin)</p>



<ul><li><strong>DÉPORTATION&nbsp;</strong></li></ul>



<p class="has-text-align-right"><strong>Convoi n° :</strong>&nbsp;/&nbsp;&nbsp;</p>



<p class="has-text-align-right"><strong>Autre (à préciser) :</strong>&nbsp;/&nbsp;</p>



<p class="has-text-align-right"><strong>Date et lieu de décès :</strong>&nbsp;Arrêté le 8 avril 1943 à la fondation Sonnenhof et assassiné</p>



<p>————————————————————————————————————–</p>



<p class="has-text-align-center"><strong>COURTE BIOGRAPHIE</strong></p>



<p>Né le 4 avril 1923 à Cologne en Allemagne, Joachim a survécu à la guerre et est décédé le 15 février 1998 à Pessac, près de Bordeaux, dans un hôpital psychiatrique. Joachim était juif de nationalité allemande. L’un de ses oncles, un nazi allemand, était l&rsquo;un de ceux qui avaient contribué au développement de la théorie raciale de l&rsquo;antisémitisme. Cet homme, qui s&rsquo;était forgé une généalogie bien aryenne, avait certainement grand intérêt à voir son neveu handicapé juif disparaître ailleurs que dans les camps allemands où une « comptabilité » très pointilleuse a été tenue sur les origines et ascendants des déportés.</p>

<p>Nom :&nbsp;WARMUND Prénom(s) :&nbsp;&nbsp;Joachim Date de naissance :&nbsp;4 avril 1923 Commune et (département de naissance) :&nbsp;?&nbsp;&nbsp; Parents :&nbsp;?&nbsp; Situation familiale :&nbsp;Célibataire&nbsp; Enfants : &nbsp;0&nbsp; Profession :&nbsp;/&nbsp; DOMICILE&nbsp; Adresse (avant la guerre) :&nbsp;?&nbsp; Adresse (pendant la guerre) :&nbsp;Fondation protestante Sonnenhof&nbsp;à Bischwiller (Bas-Rhin) DÉPORTATION&nbsp; Convoi n° :&nbsp;/&nbsp;&nbsp; Autre (à préciser) :&nbsp;/&nbsp; Date et lieu de décès :&nbsp;Arrêté le 8 avril 1943 à la fondation Sonnenhof et assassiné ————————————————————————————————————– COURTE &hellip; </p>
<p class="link-more"><a href="https://www.stolpersteine.lautre.net/wp/joachim-warmund/" class="more-link">Continuer la lecture<span class="screen-reader-text"> de &laquo;&nbsp;Joachim WARMUND&nbsp;&raquo;</span></a></p>
